312077. List the prime factors of s.
2, 3, 101
Let n(j) = 19*j**2 + 10*j - 19. Suppose -17*p + 5 + 46 = 0. What are the prime factors of n(p)?
2, 7, 13
Let i = -8376 - -4560. Let o = i - -5345. What are the prime factors of o?
11, 139
Let s(h) = h**2 - 5*h + 33. Suppose 12*v + 83 = -85. List the prime factors of s(v).
13, 23
Suppose -10*v = -44*v + 136. Suppose 2*h + 5*i - 2382 = 0, h = v*i + 902 + 263. List the prime factors of h.
1181
Let r(k) = -k + 30. Let h be r(24). Let z(u) = -6*u - 5 - h - 5 + u + u**2. List the prime factors of z(10).
2, 17
Suppose -6*j + 2*s = -5*j - 12, -4*j + 28 = -4*s. Let p(k) = 534*k - 9. List the prime factors of p(j).
3, 353
Let u(h) be the third derivative of 0*h + 0 - 4*h**2 + 1/60*h**6 + 5/24*h**4 + 2/3*h**3 - 1/15*h**5. List the prime factors of u(4).
2, 11
Suppose -21*c = -8*c - 832. What are the prime factors of 1*(-8)/(c/(-4184))?
523
Suppose 7021 = 3*j + f - 1264, f = 5*j - 13811. List the prime factors of j.
2, 1381
Let b = -56512 - -88794. List the prime factors of b.
2, 16141
Suppose 0 = 2*d + 3*f - 13, 4*d - 9*d = 4*f - 29. Suppose -d*a = -12*a + 1435. List the prime factors of a.
5, 41
Let n = -1362 + 264. Let c = -388 - n. What are the prime factors of c?
2, 5, 71
Let v = 42326 - 33622. What are the prime factors of v?
2, 17
Suppose -8*r = 4 + 36. What are the prime factors of ((-25)/(-2))/(r/(-370))?
5, 37
Suppose 4*a - 8 + 0 = 0. Suppose 0 = a*t + 3*z + 2 - 1, 5*t - 26 = 2*z. Suppose -5*j = -25 - 0, -4*g - t*j + 96 = 0. What are the prime factors of g?
19
Let g(z) = 10*z**3 - 38*z**2 - 11*z + 201. List the prime factors of g(22).
3, 1087
Let w = -4289 - -9926. What are the prime factors of w?
3, 1879
What are the prime factors of ((12597 - 2) + 14)/3?
3, 467
Suppose 2*y - 19 = 3*u + 17, y = -2*u + 4. Let s(k) = 12*k + 13. List the prime factors of s(y).
157
Let j = -63 + 56. Let z be (j + 6)*-2 + (-8)/(-1). Suppose 40 = -9*d + z*d. List the prime factors of d.
2, 5
Suppose -5*n + 132607 = 4*b, -b + 7697 = n - 18826. List the prime factors of n.
5, 5303
Let r(v) = 28*v**3 - 21*v**2 + 104*v + 12. What are the prime factors of r(5)?
3, 7, 167
What are the prime factors of (980 - -1)*(9 + (18 - 26)) - 6?
3, 5, 13
What are the prime factors of (7 - 1) + 700826/113?
2, 97
Let u(w) = -6*w**2 - 5*w**2 - 6 + 2*w**2 - 2*w - w**3. Let o = -692 + 682. What are the prime factors of u(o)?
2, 3, 19
Suppose 0 = -5*r - 15, i - 5*r - 7 - 8 = 0. Suppose -118 = -2*k - i*k. Suppose -150 = -2*t - 3*t + 2*x, x + k = 2*t. What are the prime factors of t?
2
Suppose d = 4*j - 2 - 17, 7 = -5*d - 2*j. Let m(k) = -6*k**3 - 9*k**2 - 4*k - 4. List the prime factors of m(d).
89
Let i = 2630 + -2428. List the prime factors of i.
2, 101
Suppose 5*m - 800 - 234 = v, 4*v + 4190 = 2*m. Let p = -731 - v. What are the prime factors of p?
2, 3, 53
Suppose -2*p + 63*m - 60*m + 34068 = 0, m = 2*p - 34080. What are the prime factors of p?
3, 13, 19, 23
Let m = -5535 - -8659. What are the prime factors of m?
2, 11, 71
List the prime factors of ((-1766)/(-30))/(37 + 9972/(-270)).
883
Let n(a) = -13*a + 5. Let g be n(4). Let p = 41 + g. What are the prime factors of (p + -1)/(13/78)*-1?
2, 3, 7
Let a be 1 + (-3 - (8 + -4)). Let v be ((-4)/a)/(-2) + (-12)/(-9). Let w(f) = 111*f. List the prime factors of w(v).
3, 37
Suppose -3*p + 3 = -4*c, c + 3*p - 1 - 17 = 0. Suppose 7*a - 25 = 2*a, 4*a = -5*s - 455. List the prime factors of -1 - (-9)/c - s.
97
Suppose h + 12 = a + 80, -4*a - 277 = -3*h. List the prime factors of (-6)/(42/7)*a.
73
Suppose -40*j + 44*j - 3*c - 17987 = 0, 3*c = j - 4490. What are the prime factors of j?
11, 409
Let p be ((-3)/(-2))/(-5*7/(-70)). Let q be (-36)/(-8)*382/p. Let u = -317 + q. List the prime factors of u.
2
Suppose 0 = 116*a + 2264096 - 3475890 - 3388186. List the prime factors of a.
5, 7, 11, 103
Let j = -5445 - -18142. What are the prime factors of j?
12697
Let m(a) = a**2 - 9*a - 20. Let o be m(11). Suppose 0 = -0*p + o*p + w - 5, -25 = -5*p - 5*w. Suppose p = h - 115 + 28. What are the prime factors of h?
3, 29
Suppose 11*u + 0*u = 275770. What are the prime factors of u?
2, 5, 23, 109
Let r(p) = 4531*p**3 - 10*p**2 + 8*p - 20. List the prime factors of r(2).
2, 3, 7, 431
Let b(k) = -176*k + 1660. What are the prime factors of b(-8)?
2, 13, 59
Suppose 5*a - 22320 = -4*k + 2*k, 0 = 5*k. Suppose -6*q = -12*q + a. List the prime factors of q.
2, 3, 31
Suppose 4*j = 4*h + 8568, j + 12*h - 16*h - 2160 = 0. List the prime factors of j.
2, 3, 89
Let w(f) = -65*f + 3. Let l(z) be the first derivative of -98*z**2 + 10*z - 3. Let b(k) = -2*l(k) + 7*w(k). What are the prime factors of b(-1)?
2
Let r(l) = -113*l**3 + 10*l**2 + 16*l + 227. What are the prime factors of r(-7)?
2, 13, 757
What are the prime factors of (14860254/1285)/(4/10)?
3, 23, 419
Suppose 23407 = 5*b + 5*a + 217, -2*b + 3*a + 9271 = 0. List the prime factors of b.
4637
Let i(f) = 6*f**2 - 9*f + 26. Let w be i(4). Suppose t - w = -k, k - 4*t = t + 80. List the prime factors of k.
5, 17
Suppose 4*v - 5*n - 37156 = 0, 138*v - n = 134*v + 37156. What are the prime factors of v?
7, 1327
Suppose v + 4*j + 5 = -7, -5*v + 2*j = 38. List the prime factors of (65/(-10) - -6) + (-988)/v.
3, 41
Let r = -5521 - -14480. What are the prime factors of r?
17, 31
Suppose -75*q + 559030 = -118745. What are the prime factors of q?
7, 1291
What are the prime factors of -1 + (-22)/(-16) + 37/((-4736)/(-615120))?
2, 3, 89
List the prime factors of (-1*(-496240)/30)/((-26)/(-39)).
2, 6203
Let o = -70 + -33. Let f = o + 175. List the prime factors of (-4)/(f/(-3614)) + 2/9.
3, 67
Let d = 14257 + -8485. What are the prime factors of d?
2, 3, 13, 37
Suppose 309 = -6*u + 237. What are the prime factors of (-9 - (-856)/u)*(-3 - 0)?
241
Let z = 1053 - -6530. What are the prime factors of z?
7583
Suppose -129 = 5*h + 2*t, -3*t = -3*h - 2*t - 73. What are the prime factors of (-8344)/(-20) + 5/(h/(-4))?
2, 11, 19
Suppose -40*i - 49966 = -13*i - 1264480. List the prime factors of i.
2, 3, 7, 17
Suppose 7*f + 104 = 3*f. Let d(a) = -35*a + 182. What are the prime factors of d(f)?
2, 3, 7, 13
Let o(v) = v + 1. Let f(l) = -12*l + 2. Let z(y) = 3*f(y) - 6*o(y). Let u(s) = s**2 - 10*s - 2. Let p be u(10). What are the prime factors of z(p)?
2, 3, 7
Let h(t) = 585*t + 3314. List the prime factors of h(39).
17, 29, 53
Let h(m) = m**2 + 13*m + 23. Let n be h(-11). Let r be (4 + 3 + -4)/n. Suppose 0*o = 4*o + r*x - 141, -3 = 3*x. What are the prime factors of o?
2, 3
Suppose 7*i - 5584 = 1794. What are the prime factors of i?
2, 17, 31
Suppose 17*z = 8*x + 13*z - 176412, -4*x - 3*z + 88191 = 0. What are the prime factors of x?
2, 3, 5, 7
Let i be ((-4)/(-12))/(1/(-3)). Let r be (-3)/((-3)/12 - i). What are the prime factors of (-4)/((r/(-11))/(20/(-2)))?
2, 5, 11
Suppose -83*u + 370*u - 4396520 = 7630215. What are the prime factors of u?
5, 17, 29
Suppose 2*t + 142*s - 140*s - 13396 = 0, 26846 = 4*t - 5*s. What are the prime factors of t?
2, 419
Suppose 228*s - 226*s + 29933 = w, -4*w + 119736 = -4*s. List the prime factors of w.
5, 5987
Let i(p) = 2434*p + 4506. What are the prime factors of i(34)?
2, 7, 23, 271
Suppose z = 3*i + 2009, -2*z + 4227 = i + 237. Let b = z + -1048. What are the prime factors of b?
13, 73
Suppose -195 = n - 1261. Suppose p - 4*p - 4*b = -3160, -5*b = -p + n. List the prime factors of p.
2, 3, 11
Let s = -3566 + 7281. Let u = s - 2417. List the prime factors of u.
2, 11, 59
Let v(p) = 10*p**2 - 159*p - 1180. List the prime factors of v(79).
3, 16223
Let p = -63 + 67. Suppose -p*t + 2*h + 1404 = 0, 6*t - h - 1408 = 2*t. List the prime factors of t.
353
Let m = 134 + -141. Let k be (0 - -1)*(5 - 11 - m). What are the prime factors of k*-1*(-637)/7?
7, 13
Let h(j) = 629*j - 774. List the prime factors of h(3).
3, 7, 53
Let g = 136685 + -58998. What are the prime factors of g?
77687
Let g = 239 - -60. List the prime factors of g.
13, 23
Let q be 15*(116766/(-27))/(-13). Let p = q + -2972. List the prime factors of p.
2, 1009
Suppose -6*z - 91 - 53 = 0. What are the prime factors of (2 + 2324/16)/((-6)/z)?
19, 31
Suppose -111*s = -108*s - 996. Let w = s + -292. List the prime factors of w.
2, 5
Let o(a) = -17*a + 19. Let n be o(2). What are the prime factors of 0